15)/(-25)) + (-823)/(-5)?
False
Is 4 a factor of ((-1)/(-2))/(3/60)?
False
Let g = -2679 + 633. Let h be g/(-10) - (-4)/10. Suppose 6*b = b + h. Does 15 divide b?
False
Suppose 12 = 2*i + 2*i. Suppose 2*v = i*o - 145, 3*v - 76 - 59 = -3*o. Is 18 a factor of o?
False
Suppose t = 6*t - 40. Is 5 a factor of 2/8 - (-38)/t?
True
Let x(u) = 3*u - 4. Let f be x(3). Let b = 23 - f. Is 6 a factor of b?
True
Let y(x) = 9*x**2 - 5*x + 6. Let a be y(6). Suppose 0 = 14*w - 10*w - a. Is w a multiple of 15?
True
Let i = 31 + 25. Does 28 divide i?
True
Let y(w) = w**3 - 11*w**2 - 7*w - 12. Is 16 a factor of y(12)?
True
Let h(f) = -3*f + 10 - f + f + 4*f. Is h(-8) a multiple of 2?
True
Let y(j) = 15*j + 4. Let x(d) = 23*d + 6. Let n(p) = 5*x(p) - 8*y(p). Let r be n(3). Let c = r + 30. Is c a multiple of 10?
False
Let v(i) = 8*i**2 + 2*i + 1. Let f be v(-1). Let k(j) = -j**2 + 9*j - 2. Let g be k(6). Suppose -4*s - 5*b = -f - 59, -b = s - g. Is 9 a factor of s?
False
Let p(b) = b**2 - b + 3. Suppose w - 8 = -w. Let z be p(w). Is ((-2)/3)/((-1)/z) a multiple of 10?
True
Let s = 57 + -30. Is s a multiple of 7?
False
Suppose 92 = 4*t - 2*t. Let y = -14 + t. Suppose 0*k = 4*k - y. Does 3 divide k?
False
Let t be (-3)/(-1)*(2 - -1). Does 8 divide (-3)/((-1)/(24/t))?
True
Let q be ((-2)/(-2) + -2)/1. Let k = q + 2. Does 15 divide -2 - -3 - (-28 - k)?
True
Let c be 6/(-4)*-1*-2. Let r be 29 + (0 + c)/(-3). Is 2 a factor of (4/(-12))/((-2)/r)?
False
Suppose 5*c - 3*c = 5*v - 512, 0 = -v + 3*c + 92. Does 8 divide v?
True
Let z(k) = -4*k. Let i be z(-1). Suppose -i*f + 2 = -6. Suppose f = -5*y + 27. Is y a multiple of 4?
False
Let a = -8 - -11. Let b(r) = r**3 + 10*r**2 + r + 4. Let d be b(-9). Suppose -5*w + 86 = a*v, 4*v - 5*w - d = v. Is 9 a factor of v?
True
Let f(p) = 0 + 0 - 5*p + 2 + p. Let t be f(3). Let k = -6 - t. Does 2 divide k?
True
Let s = -621 - -1057. Does 20 divide s/22 + 16/88?
True
Suppose -4 = -0*z + z. Let l(a) = a**3 + 7*a**2 + 7*a + 6. Is 7 a factor of l(z)?
False
Let k(v) = -3*v**3 - 2*v - 1. Does 4 divide k(-1)?
True
Let v(o) = 2*o - 2. Let w(l) = -3*l**3. Let r be (5 - 4)*-1*1. Let n be w(r). Does 4 divide v(n)?
True
Let k be 3/(3 - 0) + -25. Let g = k - -34. Is 10 a factor of g?
True
Suppose -3*k - m = -7, 8 = -3*m - m. Suppose -k*g = -5*g + 12. Is 12 a factor of 76/g - (-6)/(-9)?
True
Let y be ((-2)/(-2) + -1)*1. Suppose -o = -y + 1. Does 8 divide o*((2 - 15) + 0)?
False
Let u(l) = 74*l**3 - l**2 - l. Let w be u(-1). Let v = 109 + w. Suppose 0 = 2*q - v - 9. Is 11 a factor of q?
True
Let p(v) = 5*v**2 + 3*v + 2. Let t be p(-2). Suppose o = -t + 46. Does 11 divide o?
False
Let o(p) = -5*p**3 + p**2 - p. Is o(-2) a multiple of 8?
False
Suppose 0 = -3*s + 2*c, -5*s + 5*c = -3 + 8. Is (2/5)/(s/130) a multiple of 13?
True
Let x = -6 - -6. Let c = x - 1. Is 17 - (-1 - -2)*c a multiple of 12?
False
Let v(g) = g**3 + 9*g**2 + 8*g - 5. Is v(-7) a multiple of 37?
True
Is 3 a factor of ((-12)/15)/(4/(-50))?
False
Let q = 11 + 9. Suppose 2*s - q = -0. Let a = s + 11. Is 8 a factor of a?
False
Suppose 2 + 0 = n. Suppose 2*t + n*t = 72. Is t a multiple of 18?
True
Is 31 a factor of (-9225)/(-99) - 2/11?
True
Let l(v) = -v**3 - 4*v**2 + 4*v + 2. Let i be l(-5). Let k = i - 2. Is 2 a factor of k?
False
Let l be 4/(-7)*14/(-4). Is l/2 + (-1 - -11) a multiple of 5?
False
Does 48 divide (-813)/(-4) + (5/(-20) - -1)?
False
Suppose 55 = 5*a + u - 16, -29 = -2*a - u. Suppose 2*w - a = 12. Is w a multiple of 13?
True
Let l = 9 + -7. Suppose 6*s - 4*s + l*h - 52 = 0, 4*h = -5*s + 125. Let m = -15 + s. Is 2 a factor of m?
True
Let j = -53 + 123. Is 7 a factor of j?
True
Let z(g) = 13*g - 1. Let a be z(-1). Let m = a - -42. Is 4 a factor of 1/(2*2/m)?
False
Let v be 26/6 - (-5)/(-15). Suppose -y + 130 = v*y. Is y a multiple of 7?
False
Let b(x) = x**3 + 17*x**2 - 18*x - 7. Let n be b(-18). Is 0 - 30/(n - -4) a multiple of 5?
True
Suppose -212 = -4*a - 2*d, 0 = 5*a - a + 5*d - 224. Is 17 a factor of a?
True
Let l(h) = 12*h - 18. Is l(14) a multiple of 28?
False
Suppose w - 3*t - 234 = -w, 3*w + 2*t = 364. Is w a multiple of 15?
True
Suppose 1 = l - x, 0 = -0*x + 5*x + 5. Suppose l = -4*q - 3*m + 46, 3*q + 1 - 46 = 3*m. Is q a multiple of 5?
False
Let i = -1 + 7. Suppose -2*l = i + 6. Let k(q) = q**2 - q + 6. Does 16 divide k(l)?
True
Let u be 1 - (0 + -2) - 1. Does 4 divide (-64)/(-11) - u/(-11)?
False
Let o(y) = y**3 + y**2 - 11. Is o(4) a multiple of 8?
False
Let l(u) = 91*u. Let k be l(-1). Let h = 133 + k. Is h a multiple of 11?
False
Let i be (-3)/(-2)*10/(-5). Let r(s) be the third derivative of s**5/60 + s**4/24 + s**3/6 - s**2. Is r(i) a multiple of 7?
True
Let i be (-3)/5 + 14/(-35). Let z be 3 + (3/i - -4). Suppose -k - 3 = -5*f, -z*f + 2*f = k - 32. Is k a multiple of 11?
True
Let q = -25 + 29. Is q even?
True
Suppose -4*r + 304 = f + 3*f, -159 = -2*r + 5*f. Suppose 2*c - 2*h = 108, -2*h - r = 5*c - 361. Is 20 a factor of c?
False
Let h(s) = -s**2 + 3. Let a be h(2). Is (-17)/(2*a/2) a multiple of 13?
False
Let o(w) = w**3 - 10*w**2 + 11*w - 12. Let b = -5 + 14. Is 3 a factor of o(b)?
True
Let x = 7 - 2. Suppose 5*r + 3*n - 30 = 0, -r + 2*n + 18 = x*n. Suppose -5*o + 40 = -r*o. Does 10 divide o?
True
Suppose 0*z - 255 = -3*z. Let c = z - 46. Is 13 a factor of c?
True
Suppose 2 = -t + 4*h - 4, 5*t = -4*h + 18. Suppose 4*i - t*i - 344 = 0. Suppose 0 = 5*c + 47 - i. Is 10 a factor of c?
False
Suppose -2*z = -5*k + 44, 0*z + 4*z + 5*k + 28 = 0. Is z/(-54) + 286/9 a multiple of 18?
False
Let q = -7 - -5. Let u = q - -24. Is 10 a factor of u?
False
Suppose 5*q - m - 79 = 0, 0 = -q + 4*m - 5*m + 11. Is q a multiple of 15?
True
Let c = 1 - 55. Let f = -22 - c. Suppose r - f = -0*r. Does 11 divide r?
False
Let d(b) = -b**3 + 3*b**2 + 2. Let u be d(3). Suppose u*l = -l + 390. Suppose -w - l = -6*w. Is 13 a factor of w?
True
Suppose 0 = -3*r - 13 - 8. Let h = r - -19. Does 6 divide h?
True
Let k(r) = -5*r + 2. Is k(-8) a multiple of 26?
False
Let a(j) = 3*j + 8. Let v be a(-6). Let s = v - 0. Is 9/(-15) - 426/s a multiple of 15?
False
Suppose -4*m = l - 74, 266 = 4*l - 3*m + 4*m. Does 30 divide l?
False
Let o = -3 - -9. Let t be (3/o)/(2/132). Let a = -1 + t. Is a a multiple of 16?
True
Let h(o) = o**2 + 8*o + 10. Let f be h(-8). Let m = 61 - f. Suppose 0*l - 3*l + m = 0. Does 6 divide l?
False
Is ((-3)/6)/((-2)/(1 + 299)) a multiple of 25?
True
Let b(l) = -5*l - 3. Let x be b(-3). Suppose -4*g + x = -40. Is g a multiple of 11?
False
Let w(b) = -b**3 + 10*b**2 + 12*b - 9. Let r be (22/6)/(2/6). Let n be w(r). Suppose -40 + 120 = n*s. Is s a multiple of 17?
False
Suppose -5*g - 1 + 16 = 0. Let i(m) = 10*m**g + 15*m**3 + 1 - m - 6*m**3 + m**2. Is 10 a factor of i(1)?
True
Let s = -19 + 47. Does 4 divide (24/s)/(2/28)?
True
Suppose c - 7 = 8. Let r = c + 25. Does 20 divide r?
True
Suppose -4*a - q = -11, -4*q - 8 = 2*a + a. Let y(h) = h**3 - 2*h**2 + 8*h - 10. Is 18 a factor of y(a)?
True
Suppose 3*q - 5*h - 3 = 79, -33 = -q - 4*h. Let b = 3 + q. Is 32 a factor of b?
True
Let n = -6 + 8. Does 13 divide 13*n/(4 + -2)?
True
Let k(f) = -6 + f - 4*f + 5*f. Let h be k(8). Is 18 a factor of (29 + -1)*h/8?
False
Let u(o) = -o**3 + 7*o**2 - 4*o - 3. Let c be u(4). Suppose 20 = -5*m - 3*q, 6*q + c = -4*m + q. Is ((70/m)/2)/(-1) a multiple of 12?
False
Let r(a) = 3*a. Let u be r(6). Let t = 10 + 2. Let v = u - t. Is 6 a factor of v?
True
Does 6 divide (-1 - 7)/((-6)/18)?
True
Let b be (-8 - -2)/(7/(-7)). Let v = 12 + b. Is v a multiple of 6?
True
Suppose -a - 219 = -3*q - 2*a, 81 = q + 3*a. Does 12 divide q?
True
Is 3*((-320)/(-12) + -4) a multiple of 18?
False
Let k(h) = 11*h**2 + h + 5. Is 15 a factor of k(3)?
False
Let a be -1*2 + 4 + 6. Let r = 0 - a. Is 3 a factor of 3 - 3 - r/1?
False
Let b(n) = n**2 - 16*n - 32. Does 40 divide b(24)?
True
Suppose 0 = -x + 6*x - 10. Suppose -5*i = -j - 577, x*i - 5*j + 71 = 311. Is i a multiple of 33?
False
Let d(v) = -25*v**2 + v. Let x be d(-3). Let j be (x/2)/2 + 0. Does 10 divide 1 + j/(-6)*2?
True
Let d(n) = 3*n**2 - 3*n + 7. Is 25 a factor of d(8)?
True
Does 12 divide (-13 - -44) + 4*1?
False
Is 4 a factor of ((-4)/(-8))/((-3)/(-48))?
True
Suppose -3*l - 4*z + 70 = -6*l, 49 = -2*l + 5*z. Let o = 10 + l. Is 6 a factor of o/15*(-10)/1